005).
33329
Let i be 87*(-78)/(-90) + 4/(-10). Let d = i + 95. List the prime factors of d.
2, 5, 17
Let g(y) = 17947*y - 43. What are the prime factors of g(3)?
2, 37, 727
List the prime factors of 399760/24*18/12.
5, 19, 263
Let h(p) = -5*p**2 - 28*p + 7. Let y be h(-6). List the prime factors of y - (1259 - -1)/(-3).
5, 83
Let l(z) be the second derivative of z**5/20 - 2*z**4/3 - 3*z**3/2 + z**2/2 - 10*z. Let o be l(9). Let u(v) = 105*v - 1. What are the prime factors of u(o)?
2, 13
Let j = 104 - 100. Suppose 0 = -4*i - j*i + 752. What are the prime factors of i?
2, 47
Let r be 6/(-8) - 180/(-48). Suppose -r*v - 300 - 1422 = 0. List the prime factors of v/(-6) - 4/(-12).
2, 3
Suppose -4*k = -4*p - 272, -2*p - 355 = -7*k + 2*k. Let a be k*(-7)/(14/(-4)). Let g = 339 - a. What are the prime factors of g?
193
Let a(k) = -2074*k + 2068. What are the prime factors of a(-10)?
2, 2851
Let u(d) be the first derivative of d**3/3 - d**2/2 - 54*d - 63. List the prime factors of u(22).
2, 3, 17
Let t(q) be the first derivative of 7*q**2/2 + 51*q + 155. Let w = -10 - -25. What are the prime factors of t(w)?
2, 3, 13
Suppose -3*n - 26594 = -k, -6*k + 184522 = 4*n + 25134. What are the prime factors of k?
2, 5, 2657
Suppose 3*i - 4*x = -7880 + 32589, 32939 = 4*i + x. What are the prime factors of i?
3, 5, 61
Let c be (1/2)/((-1)/110). Let h = c + 47. What are the prime factors of 1078/9 - (16/9)/h?
2, 3, 5
Let d(c) = 2*c**3 - 5*c**2 - 17*c. Let k be d(6). Let o = k - -184. What are the prime factors of o?
2, 167
Suppose -l + 6*l - 5 = 0. Let z(a) = 3*a**3 + a**2 + 3*a - 4. Let d be z(l). Suppose d*i + 0*i - 222 = 0. List the prime factors of i.
2, 37
Let p = 36405 - 21276. List the prime factors of p.
3, 41
Let f be (365 - -2)/(7/21). What are the prime factors of 258/(-48) + (-3)/(-8) + f?
2, 137
Suppose 24*h + 72456 = 238680. List the prime factors of h.
2, 3463
Let v(o) = -3*o + 14. Let c be v(4). Suppose -c*n = -748 - 30. List the prime factors of n.
389
Let u(p) = 33*p + 131. Let b be u(-9). Let r = 398 + b. List the prime factors of r.
2, 29
Let s(g) = -g**2 - 3*g + 1. Let o be s(-4). Let y be -4 - o - (-788 - -4 - 1). Suppose -y - 2324 = -14*f. List the prime factors of f.
2, 3, 37
Let i(h) = -2*h**3 + 24*h**2 + 88*h + 153. List the prime factors of i(-20).
23993
Let g be (-16)/(-5) + (-25)/125. Suppose 0 = -2*l - g*n + 309, 5*l - l - 653 = n. List the prime factors of l.
2, 3
Suppose 176*d - 169*d = 28. Suppose 0 = -5*g - 10, -i - d*g - 377 = -2*i. List the prime factors of i.
3, 41
Let q(b) = b**2 + 4*b + 5. Let o be q(-3). Suppose o*x + 1131 = 2*r + 5*x, -2*r - 2*x = -1130. List the prime factors of (2/4)/((66/r)/11).
47
List the prime factors of (-816408)/(-117) + 4/10*130/338.
2, 3, 1163
Suppose -2*d + 0 = -8. Suppose -d*i - q = -7, i = -2*i - 3*q + 3. Suppose 2*r + i*h - 7*h - 93 = 0, 75 = 2*r + h. What are the prime factors of r?
3, 13
Suppose -250 = -2*b + 680. Suppose -4*u = -x + b, x - 2409 = -4*x - u. List the prime factors of x.
13, 37
Let q(o) = 7*o**2 - 7*o - 8. Let h be q(-7). Suppose 3*c - h = -2*w, 0 = -4*c - 0*w + w + 523. Suppose 7*u - c = 2*u. List the prime factors of u.
2, 13
List the prime factors of 4 + 66/(-21) - -82*114/21.
2, 223
Let j be 3 - 5 - 1*-1602*1. Let l = j - 729. List the prime factors of l.
13, 67
Let c = 268 + 1719. List the prime factors of c.
1987
Let o = -19 + 703. Suppose -4*s = -3*t - 7*s + o, -s = 3*t - 688. What are the prime factors of t?
2, 5, 23
Suppose -151 = i + 5*k, -3*i + 6*k - 2*k - 472 = 0. Let b = -130 - i. Suppose 21*s + 1340 = b*s. List the prime factors of s.
2, 67
Suppose 0 = -5*j - 5, -37*z - 2*j = -33*z - 12346. List the prime factors of z.
3, 7
Let s(h) = 5556*h - 108. What are the prime factors of s(1)?
2, 3, 227
Let d(i) = -4*i - 125. Let c be d(-30). Let g(b) = -136*b - 48. List the prime factors of g(c).
2, 79
Let k = -67 - -67. Suppose k = -2*j + 16 - 350. Let c = j - -299. What are the prime factors of c?
2, 3, 11
Suppose -6 = -2*b - 5*u + 3, 0 = -5*b - 2*u + 12. Suppose 3*r - 213 + 738 = 2*z, -5*r = -b*z + 519. What are the prime factors of z?
3, 89
Let l(d) be the first derivative of -7*d**2/2 + 19*d - 2. Let w be 3/33 - 183/(-99)*-6. What are the prime factors of l(w)?
2, 3
Let z(v) = 11*v**2 + 85*v + 54. Let n be z(-7). Let h(k) = -5*k - 5 - 3*k - 10*k. List the prime factors of h(n).
31
Let s be 2 - (4 + 1192/(-4)). Suppose -4*k + 7*k + 4*j + 233 = 0, -s = 4*k - 2*j. What are the prime factors of 68/(-6)*(k/10)/5?
17
Let c(r) = 17567*r - 17567*r + 534*r**2. What are the prime factors of c(1)?
2, 3, 89
Let a be (-134)/(-3 - -3 - -2). Let f = a - -127. What are the prime factors of f?
2, 3, 5
Suppose -22*p = -46*p + 31*p - 363244. List the prime factors of p.
2, 12973
Suppose 4*k = 3*k + 4*w + 5, 3*w = 0. Suppose k*f = -5*a + 325, 4*a = -2*f + a + 132. Suppose 6*t = 549 - f. List the prime factors of t.
3
List the prime factors of (15517 - -4) + (-36 - -42).
15527
Let v(m) = -20*m**3 + 3*m**2 + 80*m + 548. What are the prime factors of v(-8)?
2, 5, 11, 47
Suppose -32*n - 135128 = -29*n - 22*n. What are the prime factors of n?
2, 7, 127
List the prime factors of ((-3 - -27)/(-4) + 15)/(5/20365).
3, 4073
Let l be 2/4*1 - (-13900)/8. Suppose -3*z - 2*n = z - l, 1742 = 4*z - 2*n. Suppose -294 = -3*b - 3*p + 336, 0 = -2*b + p + z. What are the prime factors of b?
5, 43
Suppose -2*c = -8, -4790 = -5*p + 4*c + 65274. What are the prime factors of p?
2, 3, 73
Suppose -6*j + 17*j = -924. Let b = j - -141. List the prime factors of b.
3, 19
Let j = 57772 - 40979. What are the prime factors of j?
7, 2399
Suppose 2*f - 1 = -49. List the prime factors of (-7408)/f + 1/3.
3, 103
Let t be (24/(-48))/(1/1648*2). What are the prime factors of t/(-2)*(-16 + 17)?
2, 103
Let w(l) = -12*l**3 + 27*l**2 - 18*l - 107. Let o(r) = 19*r**3 - 41*r**2 + 27*r + 161. Let y(k) = -5*o(k) - 8*w(k). What are the prime factors of y(11)?
2, 3, 5
Let g = 28375 - 20143. What are the prime factors of g?
2, 3, 7
Suppose 8*p = 1 + 55. Let x(n) = -760*n + 42. Let g be x(p). List the prime factors of g/(-21) + (16/6 - 3).
251
Suppose 0*p + 2*r = 3*p - 25, -5*p = -5*r - 50. Suppose p*v + d - 2*d - 1543 = 0, -5*v + 3*d + 1549 = 0. Suppose v = 8*o - 804. What are the prime factors of o?
139
Let q(l) = -8 - 16 + 0*l - 2*l. Let a be q(-15). What are the prime factors of ((-15)/(-12))/(a/24)?
5
Let z be (-3)/(-6) + ((-42)/4 - 2). Let n be ((-4)/z)/(-2*1/(-1038)). Suppose 3*b = n + 190. What are the prime factors of b?
11
Let s be ((-5)/2)/(9/(-18)). Suppose -5*j = s*i - 6 - 9, i + 13 = 3*j. Suppose -j*r + 10*r - 636 = 0. List the prime factors of r.
2, 53
Suppose 4*k - 2*b - 6794 = 0, 9*k - 14*k + 8491 = -3*b. Suppose -5*j + 4774 = -2*s + 536, 4*s = -2*j + k. List the prime factors of j.
2, 53
Let x = 6 - 471. Let p = x + 1000. Suppose 5*c - 10*c + p = 0. What are the prime factors of c?
107
Suppose 0 = -2*j + 4, -6*p + 5*j + 4550 = -p. Suppose 6*u = 3*u + p. List the prime factors of u.
2, 19
Suppose -h - 3*t = 6, 2*h + 4 = -3*t + t. Suppose -3*c = -h*c - 2*c. Suppose -p - 3*p + 556 = c. List the prime factors of p.
139
Suppose 15 = z + 18. List the prime factors of z*(-16)/(-12) + 325.
3, 107
Let a be (-6)/33 + (-1293)/(-33). Let f = a - 36. Suppose 2*r + 2*r = -f*m + 290, 4*r - 278 = 3*m. List the prime factors of r.
71
Suppose -25 = -5*a, -2*a = v + 3*v - 46. Let z(j) = j**3 - 10*j**2 + 10*j - 9. Let p be z(v). Suppose p = u - 7*u + 576. What are the prime factors of u?
2, 3
Let v be 3*14*(-4 + 7/2). Let u = v + 19. List the prime factors of (3 + 7/(-2))*(u - 66).
2, 17
Suppose 6*b = 27461 + 15057 + 13846. List the prime factors of b.
2, 7, 11, 61
Let r = 77 + -85. Let h be 14/(-12)*-26 - r/(-24). What are the prime factors of 4145/h + 1/(-6)?
2, 3, 23
Let v be -1 - 1 - -15*(-30)/(-9). Let o = v - -47. Suppose 0 = -5*m + 145 + o. What are the prime factors of m?
2, 3
Suppose -744941 - 1743955 = -174*j. List the prime factors of j.
2, 3, 149
Suppose 21*a - 63480 = 13*a. Suppose -129 = -6*g + a. Suppose -14*v = -2*v - g. What are the prime factors of v?
2, 7
Let d(l) be the second derivative of 335*l**4/12 - 5*l**3/6 + 2*l**2 + 181*l. List the prime factors of d(1).
2, 167
Let t = 35 + -31. Suppose 0 = -x - t*a + 135, 